it of v?
6
Let y(q) = -3*q + 15. Suppose 4*l - 26 = 6. Let n be y(l). What is the tens digit of 6/27 - 313/n?
3
Suppose 64830 = 97*u - 84162. What is the hundreds digit of u?
5
Let a = -9 + 1910. What is the hundreds digit of a?
9
Suppose a + 0 = m + 4, 0 = -5*m + 4*a - 16. What is the tens digit of (1 + 2 - m) + 53?
5
Let h(j) = j**3 + 4*j**2 + 4*j + 6. Let l be h(-3). Suppose 0 = -o + l*o - 80. What is the units digit of o?
0
Let f(o) = -o - 14. Let t be f(-8). Let d be t/(-3) - (-2 - -2). What is the units digit of 1704/16*d/3?
1
Suppose -3*k - 128 = 79. Let f = -42 - k. Suppose 0 = -3*m + 39 + f. What is the tens digit of m?
2
Let i be 0 - (-3 + (-12)/(-4)). Suppose i = -2*z - 2*z + 156. What is the tens digit of z?
3
Let j = 88 - 53. Suppose 0 = -2*d + 121 - j. What is the units digit of d?
3
Let m(o) = -o**3 - 7*o**2 - o + 10. Let q be m(-7). Let g = -11 + q. Suppose -2*c - g = -7*c + 3*h, -c = 2*h - 9. What is the units digit of c?
3
Suppose 9228 - 218000 = -76*d. What is the hundreds digit of d?
7
Suppose 5*n - 5*i - 1775 = 0, 0 = -22*n + 21*n + 3*i + 351. What is the tens digit of n?
5
Suppose 0 = k - 4*l - 212, 8*k + 4*l + 1140 = 13*k. What is the units digit of k?
2
Let z = -666 + 1116. What is the units digit of z?
0
Suppose -7*f + 2442 = 4*f. What is the hundreds digit of f?
2
Let m(c) = -c**2 + 40*c - 23. Suppose -64 = -4*r - 2*t, 5*t + 62 = 4*r + 6*t. What is the tens digit of m(r)?
5
Let x(o) = -2*o**2 + 181*o - 180. What is the units digit of x(48)?
0
Let r(q) = 34*q**2 + q + 4*q + 0 + 4 + 113*q**2. What is the hundreds digit of r(-1)?
1
Let p(i) = -i**2. Let u(b) = -6*b**2 + 6*b + 9. Let f(j) = 5*p(j) - u(j). Let t be f(7). What is the tens digit of t*(-116)/8 + 0?
2
Suppose -12*m = -13*m - 172. Let b be (-2 - -1) + 3 + -5. What is the tens digit of m/(-3) + 1/b?
5
Let g(f) = -2*f**2 + 7*f + 9. Let w = 2 - -2. What is the units digit of g(w)?
5
Let b(v) = 11*v**2 + v. Let w = -10 - -9. Let l(u) = -u - 2. Let o be l(w). What is the units digit of b(o)?
0
Let n be 0*((-7)/2)/(-7). Suppose -5*j - 25 - 65 = n. What is the units digit of 52/14 - j/63?
4
Let r(t) be the first derivative of t - 11. Let o(g) = -g**2 - 3*g + 2. Let p(x) = -o(x) - r(x). What is the tens digit of p(-7)?
2
Suppose 0 = 5*k - 2*t + 47, 4*k + 7 = -3*t - 26. Let j be (1 + 7)*(13 + k). Let v = 65 - j. What is the units digit of v?
3
Let a be (-12)/(-3)*(5 - 0)/5. Suppose 0 = a*j - n - 121 - 70, -99 = -2*j - 3*n. What is the tens digit of j?
4
Suppose 4*z + v + 0 = 1, -7 = 5*z + 4*v. What is the units digit of -2 + (56 - (z - -3)/4)?
3
Suppose 5*h - 2 = -7, 5*z - h = 106. Suppose -z - 52 = -b. What is the units digit of b?
3
Let z(n) = 1328 + n**2 + 0*n**3 + 1322 + 2*n - 2652 + n**3 - 8*n**2. Let w be 2/(-4)*-2 - -6. What is the tens digit of z(w)?
1
Let l = -8 + 16. Suppose -l*q = -13*q + 380. What is the tens digit of q?
7
Let d be -3*-8*(-4)/24. Let n = -12 - -18. What is the tens digit of (-8)/1*n/d?
1
Let t be (2*33)/((-3)/(-6)). Let v = t - 56. Suppose 3*a - v = -a. What is the units digit of a?
9
Let c(x) = -2*x**2 - 19*x - 9. Let j be c(-12). Let l = j + 127. What is the units digit of l?
8
Let t(s) = -s**2 - 1. Let h(z) = 6*z**2 + z + 1. Let p(r) = -2*h(r) - 14*t(r). What is the tens digit of p(-4)?
5
Suppose -4*m + 2*j + 18 = 0, -3*m + 4*j + 12 = 3*j. Suppose -2*z + m*z - 48 = 0. Let v = -20 + z. What is the tens digit of v?
2
Let y be (-3)/(-2)*(-8)/(-6). Suppose y - 14 = -3*s. Suppose -s*n - 13 = -57. What is the units digit of n?
1
Suppose 2*j + 79 = 251. What is the units digit of (j/(-3))/((-24)/36)?
3
Let a be (-16245)/(-36) - ((-2)/(-8) + 0). Let i = -272 + a. What is the hundreds digit of i?
1
Let w be (-30)/(-4)*(-20)/(-15). Suppose -7 + 867 = w*a. What is the tens digit of a?
8
Let o(g) = -2*g**3 - 2*g**2 - g + 3. Let t be o(-5). Suppose x + t = 3*x. What is the units digit of x/(-12)*-3 + 4?
0
Let l(a) = a**2 + 11*a - 9. Suppose 5*h + p + 65 = 0, 0 = 3*p - 2*p + 5. Let b be l(h). Suppose 2*z = 21 - b. What is the units digit of z?
9
Let q(z) = -z + 10. Let k be q(9). Let g(i) = 5*i**2 - 2*i + 2. What is the units digit of g(k)?
5
Let g(t) = t**3 - 13*t**2 + 12*t + 5. Let r be g(12). Suppose -r*u + 28 = -3*w - 0*w, -19 = -w - 4*u. What is the units digit of ((-1)/w)/((-9)/(-171))?
9
Suppose -3*z - 14 = -20. Suppose 0 = -f + z*f - 9. What is the units digit of f?
9
Suppose -9*k = -37*k + 16576. What is the tens digit of k?
9
Let k(s) = -s**2 - 8*s + 24. Let y be k(-10). Suppose -2*h + 25 = 3*b, y*b = 3*h + 6*b - 50. What is the units digit of h?
0
What is the hundreds digit of (2/8)/((-1325140)/(-331280) - 4)?
1
Suppose q - 4*a - 6 = 0, -q + 4*a + 18 = -6*q. What is the units digit of (1/(-3)*q)/(19/2793)?
8
Suppose 5*k - 3*x - 2611 = 0, -4*k = 2*x - 236 - 1866. What is the hundreds digit of k?
5
Suppose 3*a + 4*f = -3, a + 3 = -f + 1. Let l be a + 4 - (-1 + 8). Let z = l - -22. What is the tens digit of z?
1
Let d be 13556/32 - 9/(-24)*1. Suppose u - d = -3*j, -3*j + 7*u = 5*u - 430. What is the tens digit of j?
4
Suppose 3319 = 9*j - 2279. What is the hundreds digit of j?
6
Suppose -y = -5*a - 28, 5*y + 2*a = 3*a + 44. Let l be 1 + -1 + y + -12. What is the tens digit of l*((-23)/4 + 3)?
1
Suppose 0 = -4*g - 3*w + 1241, 34*g - 1546 = 29*g - 2*w. What is the units digit of g?
8
Suppose 5*z - i - 4*i - 210 = 0, 0 = -5*z - 3*i + 242. Suppose -5*a - z + 356 = 0. What is the tens digit of a?
6
Suppose 0 = -3*z - 4*q - 325, 3*z - z + 214 = -4*q. Let c = -69 - z. What is the units digit of c?
2
Suppose 4*z - 512 = -140. Let r be (-1 + -2)/(-2 + 3). What is the tens digit of 2*1 - z/r?
3
Let p = 11 - 5. Let l = 1 - p. What is the units digit of (-3 + (-24)/(-20))*l?
9
Let r = -37 + 68. Suppose 39 = 5*m - r. What is the tens digit of m?
1
Let k be (12/(-5))/(16/(-1320)). Suppose -2*f = -4*f + k. What is the tens digit of f?
9
Let n = 841 - -92. What is the units digit of n?
3
Suppose -19*u + 4773 - 1068 = 0. What is the units digit of u?
5
What is the units digit of (-7)/(-2)*230/(2 + 3)?
1
Suppose g + 45 = 4*g. Let u = -74 + 26. What is the tens digit of (u/g)/(3/(-15))?
1
Let u(p) be the third derivative of p**4/3 - 4*p**3/3 - 6*p**2. What is the units digit of u(4)?
4
What is the units digit of 190/(-25)*-1 + 18/(-30)?
7
Suppose 6*q = 3481 - 1183. What is the tens digit of q?
8
Let z(a) = -398*a - 33. What is the hundreds digit of z(-9)?
5
Suppose -4*b + 16 = 3*r, -5*b - 61 = -r - 2*r. What is the units digit of (r/(-3) - -5)*121?
1
Let z(r) = -2*r - 8. Let w be z(-4). Let k = w - -1. What is the units digit of k?
1
Let r(q) = -4*q + 22. Let j be r(8). Let t = j + 11. What is the tens digit of 9*t*(-64)/(-12)?
4
Let l(v) = 152*v**2 + 18*v - 16. What is the tens digit of l(4)?
8
Suppose 3*r - 88 = -2*l + 61, 5*l = 2*r + 344. Suppose 4*u = 2*u + l. What is the tens digit of u?
3
Suppose -5*x + 950 = 5*q, -q + 2*q = -2*x + 382. What is the units digit of x?
2
Let v = 136 - -307. Suppose -6*b + 235 = -v. What is the units digit of b?
3
Let v be ((-24)/5)/(1/(-10)). Suppose 3*d - v = d. Suppose d = 5*x - 21. What is the units digit of x?
9
Let w(k) = -k**3 + 2*k**2 + k + 1. Let d be w(3). Let j be 34/4 + d/(-10). What is the tens digit of j/((-45)/(-70)) - 0?
1
Let u(c) be the third derivative of 17*c**4/24 - c**3/3 - 25*c**2. What is the units digit of u(4)?
6
Let p(c) = 4*c**2 - 92*c - 56. What is the tens digit of p(27)?
7
Let p be 2 + (0 - 0) + 0. Suppose 0 = p*z - 12 - 14. What is the tens digit of z?
1
Let h(v) = 96 + 2*v - v**2 + 100 + 21*v**3 - 197. Let n = -1 - -2. What is the tens digit of h(n)?
2
Let l(a) = a - 12. Let m be l(15). Suppose 0*b + m*b - 15 = 0. Suppose 20 - 70 = -b*p. What is the units digit of p?
0
Suppose -2*x + 6258 = -w, -6*x = -11*x - 4*w + 15645. What is the hundreds digit of x?
1
Suppose 4*n = -5*d - 157 + 25, n = 2*d - 20. Let r = -16 - n. Let x = r - -2. What is the units digit of x?
4
Let i = 17 + 32. Suppose s = 137 - i. What is the units digit of s?
8
Let f be -1 + 2 - (-5 - -12). What is the units digit of -31*(-3)/(-6)*f?
3
Let v(f) = f**3 - 7*f**2 + 2*f - 1. Suppose 8 - 2 = -2*a. Let h = 10 + a. What is the tens digit of v(h)?
1
Let o be -4 + 0 + 2 + 2. Suppose o = 5*j - 0*j. What is the units digit of 3 -